8769 a prime number?
True
Is 67388591 prime?
False
Is 1032343217 prime?
True
Is 459837041 prime?
True
Is 1045395005 prime?
False
Is 582446801 a composite number?
True
Is 168756337 a prime number?
True
Is 963390733 prime?
True
Is 44904415847 a composite number?
False
Is 24811160377 a prime number?
False
Is 17075828947 prime?
True
Is 35294562407 a prime number?
False
Is 48359155153 a composite number?
False
Is 1567649677 prime?
False
Is 42233955461 composite?
True
Is 130677863 a composite number?
False
Is 292325281 a composite number?
False
Is 1601571221 composite?
False
Is 23189511265 prime?
False
Is 3455783671 composite?
True
Is 362456789 a prime number?
True
Is 59680072391 composite?
False
Is 5253090281 a prime number?
False
Is 10295120534 composite?
True
Is 47224208431 composite?
False
Is 5514393371 composite?
True
Is 73621697673 a composite number?
True
Is 967370695 composite?
True
Is 2953401233 a composite number?
False
Is 4633396127 prime?
True
Is 477968749 a composite number?
True
Is 1041151499 a prime number?
False
Is 2933016917 composite?
False
Is 48156576061 a prime number?
False
Is 19055421053 prime?
False
Is 2458148149 a composite number?
True
Is 288380639 composite?
True
Is 645059659 prime?
True
Is 28706761729 a prime number?
True
Is 119919237049 a composite number?
True
Is 14128991999 composite?
False
Is 24591236921 prime?
True
Is 1900993897 a composite number?
True
Is 28635215317 composite?
True
Is 582926321 composite?
True
Is 46266315607 a composite number?
False
Is 22384923139 prime?
True
Is 9754154453 a composite number?
True
Is 75081259 prime?
False
Is 2017990861 a prime number?
True
Is 1383829477 a prime number?
False
Is 1630095391 a composite number?
False
Is 106285478027 composite?
False
Is 300577013 a prime number?
False
Is 5234230739 a prime number?
True
Is 7642868747 a prime number?
True
Is 1485664079 a composite number?
False
Is 9895283681 composite?
False
Is 1702425059 a composite number?
False
Is 326181979 a composite number?
False
Is 6803456969 composite?
False
Is 48025249369 prime?
True
Is 2755985779 a prime number?
False
Is 25337654249 prime?
False
Is 1419148099 a composite number?
True
Is 8364902449 a composite number?
False
Is 15003184457 prime?
False
Is 3281489197 a composite number?
True
Is 19374628771 prime?
True
Is 8006517263 prime?
False
Is 37966711 prime?
True
Is 652485151 a composite number?
True
Is 5314229747 a prime number?
False
Is 415047601 a composite number?
False
Is 82104709703 composite?
False
Is 5077484261 a composite number?
False
Is 29888199303 a composite number?
True
Is 10052455531 a composite number?
False
Is 129781139497 a composite number?
True
Is 51356996489 a composite number?
False
Is 548604761 prime?
False
Is 5130561994 a prime number?
False
Is 2711202137 prime?
False
Is 1907566483 a composite number?
True
Is 2008692391 prime?
True
Is 7019352611 a composite number?
True
Is 7457665829 composite?
True
Is 2637900017 a composite number?
True
Is 952304479 composite?
True
Is 69194038 a prime number?
False
Is 5125836489 a composite number?
True
Is 23913650171 a composite number?
True
Is 4202225409 a composite number?
True
Is 31700970857 a prime number?
True
Is 1969880123 a composite number?
True
Is 2282743621 composite?
True
Is 1885765799 a prime number?
True
Is 1166644909 prime?
True
Is 64316519963 a prime number?
True
Is 792479347 a prime number?
False
Is 25425729367 a composite number?
True
Is 971148179 a composite number?
False
Is 40308998551 a prime number?
True
Is 145956538487 a composite number?
False
Is 12308008129 a prime number?
True
Is 2576477873 prime?
True
Is 2733324469 prime?
False
Is 9956407805 a prime number?
False
Is 37913904367 prime?
False
Is 1259261791 a prime number?
False
Is 28113710549 a composite number?
False
Is 25503209417 a prime number?
False
Is 2795126149 composite?
False
Is 713837251 composite?
False
Is 228095544503 a composite number?
False
Is 1535067719 composite?
False
Is 118402469 a composite number?
False
Is 50368371073 composite?
False
Is 7897333891 composite?
False
Is 53728087073 prime?
False
Is 37236618681 a composite number?
True
Is 98293589 composite?
True
Is 806188337 composite?
True
Is 141226961 prime?
True
Is 11434162757 composite?
True
Is 3222456583 a prime number?
True
Is 1644884429 prime?
False
Is 14471909489 a prime number?
True
Is 252865159 a composite number?
True
Is 4855370237 prime?
False
Is 3583439329 a prime number?
True
Is 233355619 prime?
False
Is 57740449757 prime?
False
Is 311161289 a composite number?
False
Is 82197580109 composite?
False
Is 2905538723 prime?
True
Is 22335155279 prime?
False
Is 331416024637 a composite number?
True
Is 715183747 a prime number?
False
Is 15945357823 composite?
True
Is 72328752757 composite?
False
Is 9849336677 prime?
True
Is 25335279709 prime?
True
Is 970015231 a prime number?
False
Is 985321111 a composite number?
True
Is 137713168639 composite?
True
Is 6134413489 composite?
False
Is 16333575107 composite?
False
Is 2076550621 a prime number?
False
Is 498370393 a prime number?
True
Is 39569743 a composite number?
False
Is 121735121 prime?
True
Is 13878652873 a prime number?
False
Is 20822755 composite?
True
Is 26871683783 a prime number?
False
Is 3516828269 a composite number?
False
Is 3717264247 a prime number?
True
Is 18917696177 a prime number?
False
Is 110697967 a prime number?
True
Is 1659380713 prime?
False
Is 2376846299 a composite number?
False
Is 4036149359 prime?
False
Is 30134166947 composite?
False
Is 274303747 a prime number?
True
Is 9417689149 a prime number?
False
Is 1549193489 composite?
False
Is 4228510197 composite?
True
Is 57601865821 a composite number?
True
Is 11135995723 composite?
False
Is 261821551 a composite number?
False
Is 114431603291 prime?
True
Is 924218429 a composite number?
True
Is 5983091213 composite?
True
Is 16278241471 composite?
False
Is 2053988941 a prime number?
False
Is 11730479153 a prime number?
True
Is 42853616731 prime?
False
Is 3317003693 prime?
True
Is 89924287 prime?
False
Is 4297662298 a prime number?
False
Is 94237883 a prime number?
False
Is 1962002659 composite?
False
Is 3130541657 a composite number?
True
Is 52874331137 a composite number?
True
Is 1281343637 a composite number?
True
Is 245005819979 prime?
False
Is 12678883678 a prime number?
False
Is 3198618367 a composite number?
True
Is 4338134543 a prime number?
True
Is 62931355481 a composite number?
False
Is 71036651789 composite?
False
Is 7020454373 composite?
False
Is 11775261947 a prime number?
False
Is 648440069 composite?
True
Is 1059294073 a prime number?
True
Is 20986471271 a composite number?
True
Is 39700471847 a prime number?
False
Is 14589434377 prime?
False
Is 7866991537 a composite number?
False
Is 28951409203 prime?
False
Is 47066497 a prime number?
True
Is 4121060929 prime?
False
Is 12085343643 prime?
False
Is 20010140113 prime?
True
Is 8882662103 prime?
False
Is 3895017023 prime?
True
Is 22962586217 a prime number?
False
Is 23938232579 a composite number?
False
Is 23003854843 a prime number?
True
Is 7184918563 prime?
False
Is 2601642643 a composite number?
False
Is 9117216499 a prime number?
True
Is 118738447 a prime number?
True
Is 1171236695 prime?
False
Is 12817338151 prime?
False
Is 101809490399 prime?
True
Is 536797403 composite?
False
Is 508517727 a prime number?
False
Is 39613162501 composite?
True
Is 381702293135 prime?
False
Is 30107042039 prime?
True
Is 56419151713 prime?
True
Is 1686281803 composite?
False
Is 3054894103 composite?
False
Is 5945246959 composite?
False
Is 169535579 prime?
False
Is 815883179 a prime number?
False
Is 14893873529 a composite number?
True
Is 276896311 a composite number?
False
Is 291407783 a prime number?
True
Is 6763659209 a composite number?
False
Is 26590127 a prime number?
True
Is 4623781469 a prime number?
True
Is 269735659 composite?
False
Is 91862371157 a composite number?
True
Is 4046334377 a prime number?
False
Is 72193908371 a prime number?
False
Is 14447217646 a composite number?
True
Is 5937300713 prime?
True
Is 17707529611 prime?
True
Is 1275665051 composite?
False
Is 1180366277 a composite number?
False
Is 3414017459 a composite number?
False
Is 18133809103 prime?
True
Is 105638186411 composite?
False
Is 17062797 a composit